[INFO] fetching crate rsdocs2docset 0.4.1...
[INFO] checking rsdocs2docset-0.4.1 against try#72f88fc4e9458f89516a0b8b0868f3718aec5b47 for pr-74989
[INFO] extracting crate rsdocs2docset 0.4.1 into /workspace/builds/worker-13/source
[INFO] validating manifest of crates.io crate rsdocs2docset 0.4.1 on toolchain 72f88fc4e9458f89516a0b8b0868f3718aec5b47
[INFO] running `Command { std: "/workspace/cargo-home/bin/cargo" "+72f88fc4e9458f89516a0b8b0868f3718aec5b47" "read-manifest" "--manifest-path" "Cargo.toml", kill_on_drop: false }`
[INFO] started tweaking crates.io crate rsdocs2docset 0.4.1
[INFO] finished tweaking crates.io crate rsdocs2docset 0.4.1
[INFO] tweaked toml for crates.io crate rsdocs2docset 0.4.1 written to /workspace/builds/worker-13/source/Cargo.toml
[INFO] running `Command { std: "/workspace/cargo-home/bin/cargo" "+72f88fc4e9458f89516a0b8b0868f3718aec5b47" "generate-lockfile" "--manifest-path" "Cargo.toml" "-Zno-index-update", kill_on_drop: false }`
[INFO] running `Command { std: "/workspace/cargo-home/bin/cargo" "+72f88fc4e9458f89516a0b8b0868f3718aec5b47" "fetch" "--locked" "--manifest-path" "Cargo.toml", kill_on_drop: false }`
[INFO] [stderr]  Downloading crates ...
[INFO] [stderr]   Downloaded sqlite v0.25.3
[INFO] [stderr]   Downloaded html5ever-atoms v0.3.0
[INFO] [stderr]   Downloaded string_cache v0.5.2
[INFO] running `Command { std: "docker" "create" "-v" "/var/lib/crater-agent-workspace/builds/worker-13/target:/opt/rustwide/target:rw,Z" "-v" "/var/lib/crater-agent-workspace/builds/worker-13/source:/opt/rustwide/workdir:ro,Z" "-v" "/var/lib/crater-agent-workspace/cargo-home:/opt/rustwide/cargo-home:ro,Z" "-v" "/var/lib/crater-agent-workspace/rustup-home:/opt/rustwide/rustup-home:ro,Z" "-e" "SOURCE_DIR=/opt/rustwide/workdir" "-e" "CARGO_TARGET_DIR=/opt/rustwide/target" "-e" "CARGO_HOME=/opt/rustwide/cargo-home" "-e" "RUSTUP_HOME=/opt/rustwide/rustup-home" "-w" "/opt/rustwide/workdir" "-m" "1610612736" "--user" "0:0" "--network" "none" "rustops/crates-build-env@sha256:d92eaeed33fa75130ca1ee6c8a01d1ffb62bac859dfdfb3450e3e5d1c0146529" "/opt/rustwide/cargo-home/bin/cargo" "+72f88fc4e9458f89516a0b8b0868f3718aec5b47" "metadata" "--no-deps" "--format-version=1", kill_on_drop: false }`
[INFO] [stdout] dbc6eeb01e188bc8c736e3c45e2068d4dc8a5cc61833642db025a16e3fe2af1f
[INFO] [stderr] WARNING: Your kernel does not support swap limit capabilities or the cgroup is not mounted. Memory limited without swap.
[INFO] running `Command { std: "docker" "start" "-a" "dbc6eeb01e188bc8c736e3c45e2068d4dc8a5cc61833642db025a16e3fe2af1f", kill_on_drop: false }`
[INFO] running `Command { std: "docker" "inspect" "dbc6eeb01e188bc8c736e3c45e2068d4dc8a5cc61833642db025a16e3fe2af1f", kill_on_drop: false }`
[INFO] running `Command { std: "docker" "rm" "-f" "dbc6eeb01e188bc8c736e3c45e2068d4dc8a5cc61833642db025a16e3fe2af1f", kill_on_drop: false }`
[INFO] [stdout] dbc6eeb01e188bc8c736e3c45e2068d4dc8a5cc61833642db025a16e3fe2af1f
[INFO] running `Command { std: "docker" "create" "-v" "/var/lib/crater-agent-workspace/builds/worker-13/target:/opt/rustwide/target:rw,Z" "-v" "/var/lib/crater-agent-workspace/builds/worker-13/source:/opt/rustwide/workdir:ro,Z" "-v" "/var/lib/crater-agent-workspace/cargo-home:/opt/rustwide/cargo-home:ro,Z" "-v" "/var/lib/crater-agent-workspace/rustup-home:/opt/rustwide/rustup-home:ro,Z" "-e" "SOURCE_DIR=/opt/rustwide/workdir" "-e" "CARGO_TARGET_DIR=/opt/rustwide/target" "-e" "CARGO_INCREMENTAL=0" "-e" "RUST_BACKTRACE=full" "-e" "RUSTFLAGS=--cap-lints=forbid" "-e" "CARGO_HOME=/opt/rustwide/cargo-home" "-e" "RUSTUP_HOME=/opt/rustwide/rustup-home" "-w" "/opt/rustwide/workdir" "-m" "1610612736" "--user" "0:0" "--network" "none" "rustops/crates-build-env@sha256:d92eaeed33fa75130ca1ee6c8a01d1ffb62bac859dfdfb3450e3e5d1c0146529" "/opt/rustwide/cargo-home/bin/cargo" "+72f88fc4e9458f89516a0b8b0868f3718aec5b47" "check" "--frozen" "--all" "--all-targets" "--message-format=json", kill_on_drop: false }`
[INFO] [stdout] 33da725acec9b105de38baff9cda9ffa0f88658b0ed834d83bc809edbfdd09b3
[INFO] [stderr] WARNING: Your kernel does not support swap limit capabilities or the cgroup is not mounted. Memory limited without swap.
[INFO] running `Command { std: "docker" "start" "-a" "33da725acec9b105de38baff9cda9ffa0f88658b0ed834d83bc809edbfdd09b3", kill_on_drop: false }`
[INFO] [stderr]    Compiling proc-macro2 v1.0.21
[INFO] [stderr]    Compiling unicode-xid v0.2.1
[INFO] [stderr]    Compiling rand_core v0.4.2
[INFO] [stderr]    Compiling getrandom v0.1.15
[INFO] [stderr]    Compiling siphasher v0.2.3
[INFO] [stderr]    Compiling serde v1.0.116
[INFO] [stderr]    Compiling syn v1.0.40
[INFO] [stderr]    Compiling string_cache_shared v0.3.0
[INFO] [stderr]     Checking precomputed-hash v0.1.1
[INFO] [stderr]    Compiling cc v1.0.59
[INFO] [stderr]     Checking lazy_static v1.4.0
[INFO] [stderr]     Checking void v1.0.2
[INFO] [stderr]     Checking utf-8 v0.7.5
[INFO] [stderr]     Checking cfg-if v0.1.10
[INFO] [stderr]    Compiling regex v0.2.11
[INFO] [stderr]     Checking lazy_static v0.2.11
[INFO] [stderr]     Checking serde v0.9.15
[INFO] [stderr]     Checking ucd-util v0.1.8
[INFO] [stderr]     Checking utf8-ranges v1.0.4
[INFO] [stderr]     Checking percent-encoding v1.0.1
[INFO] [stderr]     Checking unreachable v0.1.1
[INFO] [stderr]    Compiling rand_core v0.3.1
[INFO] [stderr]    Compiling rand_jitter v0.1.4
[INFO] [stderr]     Checking phf_shared v0.7.24
[INFO] [stderr]     Checking thread_local v0.3.6
[INFO] [stderr]    Compiling libc v0.2.77
[INFO] [stderr]    Compiling ryu v1.0.5
[INFO] [stderr]     Checking tendril v0.4.1
[INFO] [stderr]     Checking log v0.4.11
[INFO] [stderr]     Checking idna v0.1.5
[INFO] [stderr]    Compiling rand_isaac v0.1.1
[INFO] [stderr]    Compiling rand_hc v0.1.0
[INFO] [stderr]    Compiling rand_xorshift v0.1.1
[INFO] [stderr]     Checking debug_unreachable v0.1.1
[INFO] [stderr]    Compiling rand_chacha v0.1.1
[INFO] [stderr]    Compiling rand_pcg v0.1.2
[INFO] [stderr]     Checking aho-corasick v0.6.10
[INFO] [stderr]     Checking regex-syntax v0.5.6
[INFO] [stderr]     Checking url v1.7.2
[INFO] [stderr]    Compiling sqlite3-src v0.2.12
[INFO] [stderr]    Compiling rand_os v0.1.3
[INFO] [stderr]    Compiling quote v1.0.7
[INFO] [stderr]    Compiling rand v0.6.5
[INFO] [stderr]    Compiling rand_core v0.5.1
[INFO] [stderr]     Checking sqlite3-sys v0.12.0
[INFO] [stderr]    Compiling rand_chacha v0.2.2
[INFO] [stderr]    Compiling rand_pcg v0.2.1
[INFO] [stderr]     Checking sqlite v0.25.3
[INFO] [stderr]    Compiling rand v0.7.3
[INFO] [stderr]    Compiling phf_generator v0.7.24
[INFO] [stderr]    Compiling string_cache_codegen v0.4.4
[INFO] [stderr]    Compiling phf_generator v0.8.0
[INFO] [stderr]    Compiling string_cache v0.5.2
[INFO] [stderr]    Compiling html5ever-atoms v0.3.0
[INFO] [stderr]    Compiling phf_codegen v0.8.0
[INFO] [stderr]    Compiling string_cache_codegen v0.5.1
[INFO] [stderr]     Checking string_cache v0.8.0
[INFO] [stderr]    Compiling serde_json v1.0.57
[INFO] [stderr]    Compiling serde_derive v1.0.116
[INFO] [stderr]    Compiling html5ever v0.25.1
[INFO] [stderr]    Compiling markup5ever v0.10.0
[INFO] [stderr]     Checking rsdocs2docset v0.4.1 (/opt/rustwide/workdir)
[INFO] [stdout] error[E0433]: failed to resolve: could not find `rcdom` in `html5ever`
[INFO] [stdout]  --> src/dom/parser.rs:1:16
[INFO] [stdout]   |
[INFO] [stdout] 1 | use html5ever::rcdom::NodeEnum::{Element, Text};
[INFO] [stdout]   |                ^^^^^ could not find `rcdom` in `html5ever`
[INFO] [stdout] 
[INFO] [stdout] 
[INFO] [stdout] error[E0432]: unresolved import `html5ever::rcdom`
[INFO] [stdout]  --> src/dom/mod.rs:1:16
[INFO] [stdout]   |
[INFO] [stdout] 1 | use html5ever::rcdom::Handle;
[INFO] [stdout]   |                ^^^^^ could not find `rcdom` in `html5ever`
[INFO] [stdout] 
[INFO] [stdout] 
[INFO] [stdout] error[E0432]: unresolved import `html5ever::rcdom`
[INFO] [stdout]  --> src/dom/parser.rs:2:16
[INFO] [stdout]   |
[INFO] [stdout] 2 | use html5ever::rcdom::{Handle, RcDom};
[INFO] [stdout]   |                ^^^^^ could not find `rcdom` in `html5ever`
[INFO] [stdout] 
[INFO] [stdout] 
[INFO] [stdout] error[E0432]: unresolved import `html5ever::rcdom`
[INFO] [stdout]  --> src/dom/manipulator.rs:2:16
[INFO] [stdout]   |
[INFO] [stdout] 2 | use html5ever::rcdom::RcDom;
[INFO] [stdout]   |                ^^^^^ could not find `rcdom` in `html5ever`
[INFO] [stdout] 
[INFO] [stdout] 
[INFO] [stdout] error[E0433]: failed to resolve: could not find `rcdom` in `html5ever`
[INFO] [stdout]  --> src/dom/parser.rs:1:16
[INFO] [stdout]   |
[INFO] [stdout] 1 | use html5ever::rcdom::NodeEnum::{Element, Text};
[INFO] [stdout]   |                ^^^^^ could not find `rcdom` in `html5ever`
[INFO] [stdout] 
[INFO] [stdout] 
[INFO] [stdout] error[E0432]: unresolved import `html5ever::rcdom`
[INFO] [stdout]  --> src/dom/mod.rs:1:16
[INFO] [stdout]   |
[INFO] [stdout] 1 | use html5ever::rcdom::Handle;
[INFO] [stdout]   |                ^^^^^ could not find `rcdom` in `html5ever`
[INFO] [stdout] 
[INFO] [stdout] 
[INFO] [stdout] error[E0432]: unresolved import `html5ever::rcdom`
[INFO] [stdout]  --> src/dom/parser.rs:2:16
[INFO] [stdout]   |
[INFO] [stdout] 2 | use html5ever::rcdom::{Handle, RcDom};
[INFO] [stdout]   |                ^^^^^ could not find `rcdom` in `html5ever`
[INFO] [stdout] 
[INFO] [stdout] 
[INFO] [stdout] error[E0432]: unresolved import `html5ever::rcdom`
[INFO] [stdout]  --> src/dom/manipulator.rs:2:16
[INFO] [stdout]   |
[INFO] [stdout] 2 | use html5ever::rcdom::RcDom;
[INFO] [stdout]   |                ^^^^^ could not find `rcdom` in `html5ever`
[INFO] [stdout] 
[INFO] [stdout] 
[INFO] [stdout] error[E0433]: failed to resolve: could not find `rcdom` in `html5ever`
[INFO] [stdout]  --> src/dom/manipulator_tests.rs:1:16
[INFO] [stdout]   |
[INFO] [stdout] 1 | use html5ever::rcdom::NodeEnum::Element;
[INFO] [stdout]   |                ^^^^^ could not find `rcdom` in `html5ever`
[INFO] [stdout] 
[INFO] [stdout] 
[INFO] [stdout] error[E0432]: unresolved import `html5ever::rcdom`
[INFO] [stdout]  --> src/dom/fixtures.rs:1:16
[INFO] [stdout]   |
[INFO] [stdout] 1 | use html5ever::rcdom::RcDom;
[INFO] [stdout]   |                ^^^^^ could not find `rcdom` in `html5ever`
[INFO] [stdout] 
[INFO] [stdout] 
[INFO] [stdout] error[E0432]: unresolved import `html5ever::rcdom`
[INFO] [stdout]  --> src/dom/manipulator_tests.rs:3:16
[INFO] [stdout]   |
[INFO] [stdout] 3 | use html5ever::rcdom::RcDom;
[INFO] [stdout]   |                ^^^^^ could not find `rcdom` in `html5ever`
[INFO] [stdout] 
[INFO] [stdout] 
[INFO] [stdout] error[E0531]: cannot find tuple struct or tuple variant `Element` in this scope
[INFO] [stdout]   --> src/dom/parser.rs:17:16
[INFO] [stdout]    |
[INFO] [stdout] 17 |         if let Element(ref name, _, ref attrs) = e.borrow().node {
[INFO] [stdout]    |                ^^^^^^^ not found in this scope
[INFO] [stdout] 
[INFO] [stdout] 
[INFO] [stdout] error[E0531]: cannot find tuple struct or tuple variant `Element` in this scope
[INFO] [stdout]    --> src/dom/parser.rs:150:16
[INFO] [stdout]     |
[INFO] [stdout] 150 |         if let Element(_, _, ref attrs) = e.borrow().node {
[INFO] [stdout]     |                ^^^^^^^ not found in this scope
[INFO] [stdout] 
[INFO] [stdout] 
[INFO] [stdout] error[E0531]: cannot find tuple struct or tuple variant `Text` in this scope
[INFO] [stdout]    --> src/dom/parser.rs:174:13
[INFO] [stdout]     |
[INFO] [stdout] 174 |             Text(ref t) => text_tokens.push(t.to_string()),
[INFO] [stdout]     |             ^^^^ not found in this scope
[INFO] [stdout] 
[INFO] [stdout] 
[INFO] [stdout] error[E0531]: cannot find tuple struct or tuple variant `Element` in this scope
[INFO] [stdout]   --> src/dom/parser.rs:17:16
[INFO] [stdout]    |
[INFO] [stdout] 17 |         if let Element(ref name, _, ref attrs) = e.borrow().node {
[INFO] [stdout]    |                ^^^^^^^ not found in this scope
[INFO] [stdout] 
[INFO] [stdout] 
[INFO] [stdout] error[E0531]: cannot find tuple struct or tuple variant `Element` in this scope
[INFO] [stdout]    --> src/dom/parser.rs:150:16
[INFO] [stdout]     |
[INFO] [stdout] 150 |         if let Element(_, _, ref attrs) = e.borrow().node {
[INFO] [stdout]     |                ^^^^^^^ not found in this scope
[INFO] [stdout] 
[INFO] [stdout] 
[INFO] [stdout] error[E0531]: cannot find tuple struct or tuple variant `Text` in this scope
[INFO] [stdout]    --> src/dom/parser.rs:174:13
[INFO] [stdout]     |
[INFO] [stdout] 174 |             Text(ref t) => text_tokens.push(t.to_string()),
[INFO] [stdout]     |             ^^^^ not found in this scope
[INFO] [stdout] 
[INFO] [stdout] 
[INFO] [stdout] error[E0531]: cannot find tuple struct or tuple variant `Element` in this scope
[INFO] [stdout]   --> src/dom/manipulator_tests.rs:13:16
[INFO] [stdout]    |
[INFO] [stdout] 13 |         if let Element(ref name, _, _) = e.borrow().node {
[INFO] [stdout]    |                ^^^^^^^ not found in this scope
[INFO] [stdout] 
[INFO] [stdout] 
[INFO] [stdout] error[E0531]: cannot find tuple struct or tuple variant `Element` in this scope
[INFO] [stdout]   --> src/dom/manipulator_tests.rs:16:28
[INFO] [stdout]    |
[INFO] [stdout] 16 |                     if let Element(_, _, ref attrs) = body_child.borrow().node {
[INFO] [stdout]    |                            ^^^^^^^ not found in this scope
[INFO] [stdout] 
[INFO] [stdout] 
[INFO] [stdout] error[E0308]: mismatched types
[INFO] [stdout]  --> src/dom/manipulator.rs:8:15
[INFO] [stdout]   |
[INFO] [stdout] 8 |         name: qualname!("", "class"),
[INFO] [stdout]   |               ^^^^^^^^^^^^^^^^^^^^^^ expected struct `html5ever::QualName`, found struct `html5ever_atoms::QualName`
[INFO] [stdout]   |
[INFO] [stdout]   = note: this error originates in a macro (in Nightly builds, run with -Z macro-backtrace for more info)
[INFO] [stdout] 
[INFO] [stdout] 
[INFO] [stdout] error[E0308]: mismatched types
[INFO] [stdout]   --> src/dom/manipulator.rs:14:19
[INFO] [stdout]    |
[INFO] [stdout] 14 |             name: qualname!("", "name"),
[INFO] [stdout]    |                   ^^^^^^^^^^^^^^^^^^^^^ expected struct `html5ever::QualName`, found struct `html5ever_atoms::QualName`
[INFO] [stdout]    |
[INFO] [stdout]    = note: this error originates in a macro (in Nightly builds, run with -Z macro-backtrace for more info)
[INFO] [stdout] 
[INFO] [stdout] 
[INFO] [stdout] error[E0308]: mismatched types
[INFO] [stdout]  --> src/dom/manipulator.rs:8:15
[INFO] [stdout]   |
[INFO] [stdout] 8 |         name: qualname!("", "class"),
[INFO] [stdout]   |               ^^^^^^^^^^^^^^^^^^^^^^ expected struct `html5ever::QualName`, found struct `html5ever_atoms::QualName`
[INFO] [stdout]   |
[INFO] [stdout]   = note: this error originates in a macro (in Nightly builds, run with -Z macro-backtrace for more info)
[INFO] [stdout] 
[INFO] [stdout] 
[INFO] [stderr] error: could not compile `rsdocs2docset`.
[INFO] [stdout] warning: unused import: `TreeSink`
[INFO] [stdout]  --> src/dom/manipulator.rs:3:43
[INFO] [stdout]   |
[INFO] [stdout] 3 | use html5ever::tree_builder::{NodeOrText, TreeSink};
[INFO] [stdout]   |                                           ^^^^^^^^
[INFO] [stdout]   |
[INFO] [stdout]   = note: `#[warn(unused_imports)]` on by default
[INFO] [stdout] 
[INFO] [stdout] 
[INFO] [stderr] 
[INFO] [stdout] error: aborting due to 9 previous errors; 1 warning emitted
[INFO] [stdout] 
[INFO] [stdout] 
[INFO] [stderr] To learn more, run the command again with --verbose.
[INFO] [stdout] Some errors have detailed explanations: E0308, E0432, E0433, E0531.
[INFO] [stdout] 
[INFO] [stderr] warning: build failed, waiting for other jobs to finish...
[INFO] [stdout] For more information about an error, try `rustc --explain E0308`.
[INFO] [stdout] 
[INFO] [stdout] error[E0308]: mismatched types
[INFO] [stdout]   --> src/dom/manipulator.rs:14:19
[INFO] [stdout]    |
[INFO] [stdout] 14 |             name: qualname!("", "name"),
[INFO] [stdout]    |                   ^^^^^^^^^^^^^^^^^^^^^ expected struct `html5ever::QualName`, found struct `html5ever_atoms::QualName`
[INFO] [stdout]    |
[INFO] [stdout]    = note: this error originates in a macro (in Nightly builds, run with -Z macro-backtrace for more info)
[INFO] [stdout] 
[INFO] [stdout] 
[INFO] [stdout] error[E0609]: no field `name` on type `&_`
[INFO] [stdout]   --> src/dom/manipulator_tests.rs:19:62
[INFO] [stdout]    |
[INFO] [stdout] 19 | ...                   x.name == qualname!("", "class")
[INFO] [stdout]    |                         ^^^^
[INFO] [stdout] 
[INFO] [stdout] 
[INFO] [stdout] warning: unused import: `TreeSink`
[INFO] [stdout]  --> src/dom/manipulator.rs:3:43
[INFO] [stdout]   |
[INFO] [stdout] 3 | use html5ever::tree_builder::{NodeOrText, TreeSink};
[INFO] [stdout]   |                                           ^^^^^^^^
[INFO] [stdout]   |
[INFO] [stdout]   = note: `#[warn(unused_imports)]` on by default
[INFO] [stdout] 
[INFO] [stdout] 
[INFO] [stdout] error: aborting due to 15 previous errors; 1 warning emitted
[INFO] [stdout] 
[INFO] [stdout] 
[INFO] [stdout] Some errors have detailed explanations: E0308, E0432, E0433, E0531, E0609.
[INFO] [stdout] 
[INFO] [stdout] For more information about an error, try `rustc --explain E0308`.
[INFO] [stdout] 
[INFO] [stderr] error: build failed
[INFO] running `Command { std: "docker" "inspect" "33da725acec9b105de38baff9cda9ffa0f88658b0ed834d83bc809edbfdd09b3", kill_on_drop: false }`
[INFO] running `Command { std: "docker" "rm" "-f" "33da725acec9b105de38baff9cda9ffa0f88658b0ed834d83bc809edbfdd09b3", kill_on_drop: false }`
[INFO] [stdout] 33da725acec9b105de38baff9cda9ffa0f88658b0ed834d83bc809edbfdd09b3
